 is the units digit of h(a)?
7
Suppose -81 = -5*r + c, -r + 32 = 4*c - 1. Let m(k) = r + 0*k**3 - 24 - 5*k**2 - k**3 + 9*k + 9*k**2. What is the tens digit of m(4)?
2
Suppose -24 = -4*z, 2*z = -2*w + 5*z + 13970. What is the hundreds digit of w?
9
What is the tens digit of (8 - 334782/(-77))*(-7 + 18)?
1
Let w(j) = 32*j**2 + 18*j + 17. Let p be w(-6). Let b = -455 + p. What is the hundreds digit of b?
6
Let b(m) = 10*m**2 + 4*m - 1. Let u(v) = 15*v**2 + 6*v - 1. Let y(q) = 7*b(q) - 5*u(q). Let o be y(-1). What is the units digit of (-850)/(-34)*(-1 - 19/o)?
0
Let p(b) = -2*b**3 + 56*b**2 - 26*b - 44. Let g be p(27). Let f = -470 + g. What is the units digit of f?
2
Let x(r) = 15. Let m(t) = -t - 1. Let w(a) = 4*m(a) + x(a). Let n be w(5). What is the tens digit of ((-16)/(-12) + -3)*n?
1
Let j(u) = 46*u**2 - 7*u + 5. Let h be j(-5). Suppose 39*y + h = 44*y. What is the units digit of y?
8
Let s = -232 + 98. Let r = -244 - s. What is the units digit of r/(-8) + 2/8?
4
Suppose 0 = -10*q + 2*q + 70428 + 85052. What is the tens digit of q?
3
Suppose -109*i - 2228961 = -6211385. What is the units digit of i?
6
Let q(a) = -528*a - 4605. What is the hundreds digit of q(-43)?
0
Suppose 10 = 5*w - 10. Suppose -4*b + 1970 = 2*q, -5*q = -w*b - 5307 + 312. What is the units digit of q?
5
Let o(l) be the first derivative of 25*l**2/2 + 6*l - 27. What is the hundreds digit of o(9)?
2
Let f be -6*3/(36/(-2)). Let v be f/(5/(-15)*6/86). Let x = -16 - v. What is the units digit of x?
7
Let c(s) = 7*s**2 + 16*s + 100. Let q be c(-14). Let l = -778 + q. What is the units digit of l?
0
Let d(j) = 3*j**3 - j. Let u be d(-1). What is the tens digit of (16160/100)/(u/(-5))?
0
Let u(j) = -17*j - 32. Let r = -76 - -6. Let a = r - -66. What is the tens digit of u(a)?
3
Let d(f) = 67*f**2 + 70*f + 294. What is the thousands digit of d(-5)?
1
Let b = 913 - 1337. Let f = b - -795. What is the tens digit of f?
7
What is the tens digit of -16 + (-10 - (-9554 + 4))?
2
Let j(r) be the first derivative of -r**4/4 + 8*r**3/3 - 5*r**2 + 14*r - 22. Let z be j(6). What is the units digit of z - 2*(-2)/4?
7
Suppose 233414 + 520593 = 24*q + 150287. What is the units digit of q?
5
Suppose -7*o + 5704 = -19622. Suppose 16*d = 7*d + o. What is the tens digit of d?
0
Suppose 0 = 116*x - 1152151 - 1354725. What is the thousands digit of x?
1
Let c(u) = 4*u**2 + 5*u - 3. Let k be c(-2). Let r(d) = 143*d - 1. What is the hundreds digit of r(k)?
4
What is the units digit of -1598*(-714)/36 - 84/(-36)?
6
Suppose -24*m - 26679 + 255267 = 19*m. What is the thousands digit of m?
5
Suppose -2*w + 18 = 4*w. Suppose j - 2*i + 6*i = 0, 2*j = w*i. Suppose 5*f + 38 - 378 = j. What is the tens digit of f?
6
Suppose 6*h + 5 = 7*h. Suppose -h*a = -5, 3*z + 4*a - 5 = 5. Suppose -9*u + 8*u = 5*d - 36, -72 = -z*u + d. What is the units digit of u?
6
Let u = 391 - 376. What is the units digit of 6*42 + u/(-3) + 0?
7
Let i be (7330/(3 - -2))/1 - 2. Suppose -2*a + a = -2*d + 732, i = 4*d - 5*a. What is the hundreds digit of d?
3
What is the thousands digit of 6*(58/(-4))/((-27)/2556)?
8
Suppose -2*y = 4*g - 710, 2*g = y - 4*y + 1073. Suppose 8*l - y = 33. Suppose -6*p = -775 + l. What is the hundreds digit of p?
1
Let p = -35060 - -83789. What is the ten thousands digit of p?
4
Suppose 10*m - 220 = 15*m. Let k be 2/((m/168)/(-11)). What is the tens digit of (-140)/(-21)*k/10?
5
Suppose 5*b - 15 = 5*l, -15 = -12*b + 7*b - 4*l. Suppose 3*k + 6 = q, -k = q + 2*k + 6. Suppose b*x - 187 + 64 = q. What is the units digit of x?
1
Let u(k) be the third derivative of k**5/15 + k**4/3 + 29*k**3/6 - 2*k**2 + 112*k. What is the units digit of u(13)?
9
Let g(q) = 4*q + 30. Let f be g(-9). Let z(a) = -2*a - 7. Let i be z(f). Suppose 0 = i*j + 5*k - 355, 3*k = j + j - 152. What is the units digit of j?
3
Suppose 6*a + 566 + 40 = 0. Let d = a - -108. What is the tens digit of (20/(-2))/((-320)/(-46) - d)?
3
Suppose 4*v = 3*t + 10478, -2*v = -t + 2137 - 7379. What is the units digit of v?
4
Let f(d) = 2498*d - 233. What is the thousands digit of f(3)?
7
Suppose 6*u - 3981 = -110*l + 107*l, -4*l - 677 = -u. What is the units digit of u?
5
Suppose 0 = -15*w + 75321 + 34329. What is the thousands digit of w?
7
Let p be 42/(-11) - 56/308. What is the units digit of p/14 + 21564/63 + -2?
0
Suppose 3*n - 4*k = -2, -8*n + 3*n + 5*k = -5. What is the hundreds digit of 229 + ((-20)/(-30))/((-4)/n)?
2
Suppose -i - 3*n + 2129 = -7299, 0 = 4*i - 3*n - 37802. What is the units digit of i?
6
Let f(q) be the third derivative of q**5/60 + 9*q**4/8 - 37*q**3/6 - 31*q**2. What is the units digit of f(-29)?
1
Let a be 612 + (1 - (4 + 1 + -2)). Let q = -351 + a. What is the tens digit of q?
5
Let x(u) = 10*u - 8. Let s be x(5). Suppose 0 = -2*v + s - 6. Let d = v - 2. What is the tens digit of d?
1
Suppose -f = -2*m - 6 - 5, -5*m + 11 = 3*f. Suppose 2*g + 5*l = f*g - 20, 4*l = -20. Let j = g + 13. What is the units digit of j?
2
Suppose 20*x = -6*x. Suppose -5*w + 2*o + 715 + 1384 = x, 4*o = 3*w - 1251. What is the hundreds digit of w?
4
Suppose 9*u + 2*v - 18 = 7*u, 0 = -2*v. Suppose -u*i + 3180 = -10473. What is the units digit of i?
7
Let q = 172 + -74. Suppose -5*a + 470 = 5*t, 2*a + q + 11 = t. What is the tens digit of t?
9
What is the hundreds digit of ((-47529)/(-6)*-2)/((-189)/126)?
5
Let t(b) = 9509*b**2 + 14*b - 11. What is the thousands digit of t(1)?
9
Let s(o) be the second derivative of 51*o**5/10 - o**3/6 + 2*o**2 + 2*o + 31. What is the units digit of s(2)?
8
Let d(p) = -p**3 + 34*p**2 - 8*p - 35. Let z be d(35). Let i = -608 - z. What is the tens digit of i?
3
Let z = 16993 - 6679. What is the tens digit of z?
1
Let w(f) = 8*f**2 - 89*f - 2012. What is the hundreds digit of w(-35)?
9
Suppose -33*c + 31*c + 1244 = 0. Let s = c + -294. What is the units digit of s?
8
Suppose -5*b - n = -216082, b - 680*n + 683*n - 43194 = 0. What is the tens digit of b?
1
Let f = -195 + 122. Let n = 268 + f. What is the units digit of n?
5
Suppose -14*a - 2207 + 7275 = 0. Let z = 1352 - a. What is the hundreds digit of z?
9
Suppose 5*x - 943 = -3*t, 5*x - 951 = 2*t - 3*t. What is the tens digit of x?
9
Let z(t) = -t**3 + t**2 + 11*t + 12. Let f(h) = -h**3 + 12*h**2 - 14*h + 26. Let a be f(11). What is the tens digit of z(a)?
2
Suppose 293 = -8*i - 179. Let m = -135 - i. Let y = -67 - m. What is the units digit of y?
9
Suppose -3*v + 3*c = -14067, 3*v - 14032 = 25*c - 29*c. What is the hundreds digit of v?
6
What is the thousands digit of (-238)/476 + 41035/2?
0
Let s(g) be the third derivative of 9*g**4/8 - 5*g**3/3 - g**2. Let k be 4/(-40)*(-1 + 13) - 782/(-85). What is the hundreds digit of s(k)?
2
Suppose 13*w - 181 = -1585. Let l = w - -110. Suppose c + 4*c = l*n - 408, -5*c + 846 = 4*n. What is the tens digit of n?
0
Suppose 4*b - 3*j = -j + 18, 0 = -5*b + j + 21. Suppose b*i + m = 8 + 112, -2*m = 8. What is the units digit of i?
1
Let m = -2738 - -5893. What is the hundreds digit of m?
1
Suppose -4*o = 3*i - 82497, 116*i + 109982 = 120*i + 3*o. What is the ten thousands digit of i?
2
Suppose -18*g = -8*g + 40, -4*y - 4*g + 14892 = 0. What is the hundreds digit of y?
7
Let z(q) = -q**3 + 17*q**2 - 16*q + 3. Let t be z(16). What is the units digit of ((1620/75)/18)/(t/1060)?
4
Let y(a) = -572*a**3 + 129*a**2 + 517*a - 3. What is the thousands digit of y(-4)?
6
Let r(q) be the first derivative of q**4/4 - q**3 - 10*q**2 + 19*q - 14. What is the hundreds digit of r(8)?
1
Suppose -4*f = -8, 2*o + 4*f = o + 24. Let b be (459/(-12) + 3)/((-3)/o). Suppose -18*d = -22*d + b. What is the tens digit of d?
4
Suppose 7*s = 16802 + 6480. What is the units digit of s?
6
Suppose 2096 = 8*v + 5808. What is the hundreds digit of v*((-2)/(-8))/(37/(-222))?
6
Let p(w) = -17 + 2*w + 30 - 15. Let f be p(5). Let n = 7 + f. What is the tens digit of n?
1
Suppose 519*s + 216738 = 537*s. What is the hundreds digit of s?
0
Let v = 2045 + -3647. What is the thousands digit of (v/8)/(7/(-56))?
1
Let i = 4979 + -2766. What is the tens digit of i?
1
Let x(t) = -7*t - 31. Let k be x(6). Let r = k - -464. What is the hundreds digit of r?
3
Let v(s) = -1640*s + 437. What is the units digit of v(-3)?
7
Let b be (-1)/5 + 3649/(-205). Let z(y) = y**2 + 13*y - 79. What is 